?
6
Suppose -f + 84 = 3*j + 7, 5*j - 131 = -f. Calculate the remainder when j is divided by (14/(-10))/((-1)/5).
6
Let f = 136 + -100. Calculate the remainder when 104 is divided by f.
32
Let b(p) = -6 + p + 8*p + p**3 - 7*p**2 - 3 + 0*p**3. Calculate the remainder when 24 is divided by b(6).
6
Let y be 252/10 + (-9)/45. Let o = y + -10. What is the remainder when 4/(-6) + (-528)/(-9) is divided by o?
13
Let p be (-510)/14 - 4/7. Let a = p + 53. What is the remainder when a is divided by 5 - 1/(1 - 2)?
4
Suppose 0 = -4*i + r - 0*r + 9, -4*r - 22 = -2*i. Let g(f) = 7*f**3 + f**2. Calculate the remainder when g(i) is divided by 5.
3
Let z = -7 - -6. Let a = 7 - 4. Calculate the remainder when (-1)/(z/(5 + 3)) is divided by a.
2
Let o = 8 - 5. What is the remainder when o is divided by 3?
0
Let c be (-4 + (-72)/(-20))*-5. What is the remainder when 9 is divided by (-14 - 4)/(-3) - c?
1
Let l(y) = -y**3 + 9*y**2 + 2*y - 5. What is the remainder when (48/14)/((-2)/(-21)) is divided by l(9)?
10
Let p(w) be the second derivative of -1/6*w**3 + 0 + 1/2*w**4 + 0*w**2 + 3*w. What is the remainder when 20 is divided by p(-1)?
6
Suppose 4*z = -4*w + 28, -6*w + 15 = -w. Suppose -2*u = -2*x - 4, 4*u - 3*x = 4 + 4. What is the remainder when z is divided by u?
0
Let d(n) = 2*n + 7. Let r be d(-14). Let j = 107 - 152. Calculate the remainder when 58 is divided by j/2*14/r.
13
Suppose 52 = -18*t + 19*t. What is the remainder when t is divided by 18?
16
Let t(f) = -3*f**3 + f**2 + 2*f + 1. Let b be t(3). Let a = 115 + b. Suppose -8 = 2*m + o + 4*o, 5*m - 5*o = a. What is the remainder when 9 is divided by m?
3
Let v be 2 - (-712)/(8/2). Suppose v = t + t. Calculate the remainder when t is divided by 23.
21
Suppose 0 = 5*h + 2*s - 8, 2*h - 7*h - 4*s = -6. What is the remainder when h is divided by 1?
0
Suppose -5 = -2*w - 3. Let o be 2 + w + (-2 - -1). Suppose 26 - o = 4*a. What is the remainder when 11 is divided by a?
5
Suppose 0 = -2*z + 84 + 146. Calculate the remainder when z is divided by 1*(-5 - (-29 + -5)).
28
Suppose 67*a - 62*a - 1015 = 0. What is the remainder when a is divided by 12?
11
Let r be (-2 + 3)*(3 + 2). Suppose -r*k + u + 115 = 0, 4*k - 54 = 5*u + 59. Calculate the remainder when 65 is divided by k.
21
Suppose 13 = 2*c + 1. What is the remainder when c is divided by 4?
2
Suppose 0*o + o - 15 = -q, -3*o = q - 53. Suppose -o = -f - 2*w, 0 = -f - 5*w + 15 + 19. What is the remainder when f is divided by 4?
1
Let d(f) = f**2 + 4*f + 2. Suppose 0 = y - 3*y + 10. What is the remainder when d(-5) is divided by y?
2
Let z(b) = -b**3 + 7 - 1 - 1 + 5*b - 3. Calculate the remainder when 26 is divided by z(-3).
12
Let i = -8 + 25. Suppose -2*y + 3*o - o = -10, 2*y = o + 11. Calculate the remainder when i is divided by y.
5
Suppose -8*t = -6*t. Suppose -5*h + t*h = -10. Calculate the remainder when (2/6)/(h/30) is divided by 4.
1
Let j(c) = -c**2 - 6*c + 8. Calculate the remainder when 39 is divided by j(-6).
7
Suppose -r - 10 = r. What is the remainder when 3/(((-15)/94)/r) is divided by 24?
22
Calculate the remainder when 36 is divided by (-3)/12 + (-513)/(-36).
8
Let o(n) = n**2 - 4*n + 8. Let r(l) = -2*l + 3. Calculate the remainder when o(6) is divided by r(-4).
9
Let n be (-1)/1 + 42/(-3). Calculate the remainder when (46 - 1)*(-18)/n is divided by 14.
12
Suppose 4*v - 2*t - 26 = 2*v, 5*t = 3*v - 35. What is the remainder when 55 is divided by v?
10
Calculate the remainder when (-1)/(2 + 3 + 492/(-98)) is divided by 13.
10
Suppose 12*d = -10*d + 396. Calculate the remainder when d is divided by (10 + 1)/(1 + 0).
7
Let p be 1 + (0 - (-2)/(-2)). Suppose 5*k - 30 = -3*f + f, 3*f - 3*k - 45 = p. Let b(z) = z**3 - 12*z**2 + 28. What is the remainder when b(12) is divided by f?
13
Let d(c) = -c + 3. What is the remainder when (26 - -2 - 1) + -1 is divided by d(-6)?
8
Let i = 68 - 29. What is the remainder when i is divided by 14?
11
Let u = 24 - 9. What is the remainder when u is divided by 6?
3
Suppose 5 = b - 1. What is the remainder when 16 is divided by b?
4
Let r be 18 + 2/(4/(-6)). Suppose 3*u = -r, 3 = 3*k + 2*u - 2. What is the remainder when k is divided by 2?
1
Suppose 0 = 6*k - 4*k - 12. What is the remainder when 16 is divided by k?
4
Suppose 8 = -v + 34. What is the remainder when 101 is divided by v?
23
Let k = -12 - 4. Let x = 10 + k. Calculate the remainder when (x/5)/((-1)/15) is divided by 5.
3
Suppose 5*o - 51 = 44. Suppose -2*y + 4*g - 10 = -0*g, 0 = -2*y - 4*g - 34. Calculate the remainder when o is divided by y*(3 - 4) - 1.
9
Suppose -2*n - 1 = -9. Suppose 5*z + 620 = 5*s, -599 = -s - n*s - 2*z. What is the remainder when s is divided by 31?
28
Suppose -5*k = -2*y - 287, -2*y + 5 = -7*y. Let u be (-4 - -1) + 2 + -1. What is the remainder when k is divided by (11 - -4)/(u/(-2))?
12
Let s(z) = -16*z - 17. Let k be s(7). Let f = -87 - k. What is the remainder when f is divided by 11?
9
Suppose 0 = 3*v - 69. What is the remainder when v is divided by 8?
7
Let f(y) = 22*y**2. What is the remainder when f(1) is divided by 8?
6
Suppose -2*u + 5*u = 51. Let s = 12 - -12. Suppose -45 = -5*r - 2*i, 3*i + 3 = 3*r - s. What is the remainder when u is divided by r?
8
Suppose -131 = 2*u - 41. Calculate the remainder when (u + 12/3)*-1 is divided by 22.
19
Suppose 0*j + j - 4 = 0. Let z = j + -1. Suppose -4*d + z*q + 13 = -30, 32 = d - 5*q. What is the remainder when 20 is divided by d?
6
Let x = -55 - -84. Let s = x + -5. What is the remainder when 47 is divided by s?
23
Let u(t) = -14*t - 32. What is the remainder when u(-8) is divided by 17?
12
Let a = 13 - 6. What is the remainder when 25 is divided by a?
4
Suppose 25 = 3*f + 2*f, 0 = -v - 5*f + 31. What is the remainder when 10 is divided by v?
4
Let w(x) = x**2 - 13*x. Let r be w(13). Suppose 2*v + 2*v - 84 = r. What is the remainder when v is divided by 11?
10
Let r = 19 + -16. Suppose -3*f + o + 52 = 0, 2*f + r*o - 91 = -2*f. Let n(t) = -37*t**3 + t + 1. What is the remainder when n(-1) is divided by f?
18
Suppose 3*m + 35 = 5*w + 7*m, 2*m = 0. Suppose -2*f - 4*k + 18 = 0, 4*f + 2*k = -2*k + 44. Let p = f + -8. Calculate the remainder when w is divided by p.
2
Let k(b) = -b**2 - 21*b + 14. Calculate the remainder when 55 is divided by k(-21).
13
Calculate the remainder when 1/3 - ((-356)/12 + 0) is divided by 9.
3
Let c(p) = -p**2 + 9*p + 5. What is the remainder when 75 is divided by c(7)?
18
Suppose -3*a + 1 - 4 = 0. What is the remainder when 11 is divided by ((-42)/18)/(a/3)?
4
Suppose -l + 0 = 2*z + 4, -2*l + 3*z = -20. Let x = 20 + -6. Calculate the remainder when x is divided by l.
2
Let n(x) = -5*x**3 + 3*x**2 - 2. Suppose -h = -19 + 6. What is the remainder when n(-2) is divided by h?
11
Let c(g) = g**2 + 10*g - 4. Calculate the remainder when 39 is divided by c(-12).
19
Let m(a) = a**2 - 6*a + 2. Let o be m(6). Let f(t) = t. Calculate the remainder when (14/1)/(3 - o) is divided by f(4).
2
Let q = 7 + 2. Suppose -q*u + 94 = -7*u. Calculate the remainder when u is divided by 16.
15
Suppose -3 - 2 = -n. Let b(m) = 20*m + 97. What is the remainder when b(-4) is divided by n?
2
Suppose 5*r = 44 - 14. What is the remainder when 10 is divided by (r/(-8))/(3/(-12))?
1
Let m = -23 - -56. What is the remainder when m is divided by 6?
3
Let d = -2 - -4. Let v = 4 - 1. What is the remainder when d/(6/45*v) is divided by 2?
1
Suppose 2*r - 2*d - 38 = 0, -4*d = -3*r - 21 + 77. Let t = r + -8. Let x = 7 + 0. What is the remainder when t is divided by x?
5
Let a be (-94)/(0 - (3 - 1)). Suppose y = -k + 7, 4*k - y - a = -k. What is the remainder when k is divided by 5?
4
Let m = -11 + -7. Suppose -2*q + 20 = -0*b + 4*b, q - 4*b + 8 = 0. Calculate the remainder when (20/15)/((-4)/m) is divided by q.
2
Let k(h) = h**2 - 2*h + 6. What is the remainder when k(-6) is divided by ((-1)/(-4))/((-18)/(-1368))?
16
Let l = -8 - 9. Let a = 18 - l. Let w(v) = 3*v. What is the remainder when a is divided by w(4)?
11
Let u(p) = -p**2 + 9*p - 1. What is the remainder when 7 is divided by u(8)?
0
Let x = 2 - -2. Suppose -48 = -3*l - 5*i, 0*i = -x*l + 3*i + 64. Suppose -r + 24 = -6. What is the remainder when r is divided by l?
14
Suppose -u = -0*o + 3*o - 9, 3*u - 27 = 5*o. Calculate the remainder when u i